0. Give j(14).
4
Let f(w) = w**2 - 4*w - 42. What is f(0)?
-42
Let g(y) = -y**2 + 3*y - 25. Calculate g(-6).
-79
Let r(z) = z**3 - 8*z**2 + 11*z + 2. What is r(5)?
-18
Let w(g) = 3*g**2 + 30*g. Determine w(-10).
0
Let b(a) = -2*a**2 + 4*a + 12. What is b(8)?
-84
Let h(r) = -r**3 + 4*r**2 + r + 1. What is h(4)?
5
Let d(y) = y**2 + 13*y - 179. Give d(-21).
-11
Let f(s) = -7*s - 21. Determine f(14).
-119
Let m(j) = j**3 - 28*j**2 + 26*j - 2. Calculate m(27).
-29
Let m(l) = 6*l - 44. What is m(10)?
16
Let n(x) = 4*x**2 - 1. Calculate n(-1).
3
Let p(t) = -78*t**2 - t. Determine p(1).
-79
Let d(o) = 3*o**2 + 28*o + 34. Determine d(-8).
2
Let m(g) = -2*g**3 + 25*g**2 - 11*g - 17. Determine m(12).
-5
Let x(c) = -156*c + 3. What is x(1)?
-153
Let l(i) = -3*i**2 - 20*i - 11. What is l(-8)?
-43
Let s(m) = -m - 24. What is s(10)?
-34
Let p(z) = -6*z - 18. What is p(-8)?
30
Let g(k) = k**3 - 4*k**2 - 8*k + 7. Calculate g(5).
-8
Let j(k) = -4*k + 44. Determine j(6).
20
Let v(w) = -2*w**3 - 2*w**2 + 6*w - 1. Determine v(-3).
17
Let n(b) = -b**3 - 7*b**2 - b + 10. Determine n(-7).
17
Let i(u) = -24*u**2. Give i(-1).
-24
Let c(a) = -a**2 + 6*a - 6. Determine c(6).
-6
Let o(f) = f**3 - 3*f**2 - 44*f + 17. Calculate o(8).
-15
Let w(t) = t**3 - 13*t**2 + 2*t - 32. Calculate w(13).
-6
Let a(t) = -9*t + 3. What is a(-2)?
21
Let m(s) = s**3 + 6*s**2 + s + 2. What is m(-6)?
-4
Let h(b) = -b - 5. Calculate h(4).
-9
Let l(u) = u**2 - 6*u + 3. Calculate l(5).
-2
Let q(a) = -a**2 + 18*a - 31. Calculate q(16).
1
Let p(b) = -b**3 + 7*b**2 + 5*b - 7. Give p(7).
28
Let z(p) = p**2 - p + 128. What is z(0)?
128
Let p(u) = -u**2 - 10*u + 11. What is p(-10)?
11
Let v(c) = -2*c - 10. What is v(-5)?
0
Let t(w) = w**2 + 4*w - 10. Calculate t(-7).
11
Let k(x) = x**3 + 4*x**2 - 2*x - 4. What is k(-5)?
-19
Let j(d) = -d**3 - 27*d**2 - 50*d + 36. Determine j(-25).
36
Let l(s) = -s**3 + s**2. Determine l(1).
0
Let g(p) = p**3 - 5*p**2 - 22*p - 12. Give g(8).
4
Let h(b) = b**3 + 6*b**2 - 4*b - 1. Give h(-3).
38
Let v(d) = -d**3 - 7*d**2 + 10*d + 14. What is v(-8)?
-2
Let j(i) = 16*i**2 + 526*i - 60. Calculate j(-33).
6
Let q(v) = 4*v - 93. Determine q(19).
-17
Let i(t) = t**2 - 15*t + 54. Calculate i(10).
4
Let s(x) = 7*x**2 + x + 2. Determine s(-2).
28
Let u(a) = 31*a + 11. Give u(-4).
-113
Let c(u) = -u + 9. What is c(10)?
-1
Let s(v) = v**2 + 8*v + 7. What is s(-7)?
0
Let j(o) = 3*o - 10. Determine j(5).
5
Let m(a) = 4*a**2 - 13*a + 13. Calculate m(2).
3
Let k(c) = c**3 - 8*c + 2. Calculate k(-5).
-83
Let f(k) = 5*k + 17. Give f(-4).
-3
Let k(l) = -2*l + 25. Calculate k(13).
-1
Let f(c) = 21*c - 279. Give f(13).
-6
Let o(h) = h - 9. Determine o(-5).
-14
Let x(p) = -p**2 - 42*p - 347. Give x(-31).
-6
Let x(q) = q + 2. What is x(3)?
5
Let a(i) = -78*i + 385. What is a(5)?
-5
Let g(w) = w**3 + w - 5. Give g(2).
5
Let d(n) = -2*n - 2. What is d(-5)?
8
Let h(i) = i**2 - 4*i - 33. What is h(8)?
-1
Let r(p) = -3*p**3 + 2*p**2 - 2*p + 1. What is r(2)?
-19
Let m(r) = 2*r + 37. Calculate m(-6).
25
Let x(t) = 2*t**2 + 46*t - 5. What is x(-23)?
-5
Let h(b) = 2*b - 22. Give h(13).
4
Let m(k) = -k**3 + 5*k**2 - 6*k + 4. Calculate m(3).
4
Let q(r) = r**2 + 22*r - 109. Give q(-26).
-5
Let b(n) = n + 17. What is b(-6)?
11
Let w(i) = i**3 - 30*i**2 + 69. What is w(30)?
69
Let a(m) = 9*m + 36. What is a(-3)?
9
Let h(c) = 2*c**2 - 5*c - 8. Give h(10).
142
Let z(h) = 3*h + 52. Give z(-19).
-5
Let q(s) = -4*s**3 - 3*s**2 + 4*s - 1. Calculate q(1).
-4
Let y(c) = c**3 - 7*c**2 - 6*c - 10. Determine y(8).
6
Let s(o) = -15*o + 11. Determine s(-2).
41
Let b(y) = -3*y**2 - 136*y - 54. Calculate b(-45).
-9
Let g(t) = t + 14. Calculate g(-11).
3
Let y(p) = -2*p**2 + 6*p + 3. Determine y(5).
-17
Let x(y) = -35*y + 1547. Calculate x(44).
7
Let x(l) = -l**3 + 7*l**2 - 5*l - 1. Calculate x(4).
27
Let n(o) = -o**3 - o**2 + o + 16. Calculate n(0).
16
Let a(s) = s + 17. What is a(-17)?
0
Let o(s) = -18*s + 199. Give o(11).
1
Let k(z) = z**3 - 24*z**2 + 48*z - 73. What is k(22)?
15
Let n(h) = -h**3 - 15*h**2 - 15*h + 6. Give n(-14).
20
Let v(t) = 6*t**2 + 3*t - 1. What is v(1)?
8
Let j(a) = a**3 - 23*a**2 - 2*a + 49. What is j(23)?
3
Let r(f) = 2*f**2 - 3*f - 3. What is r(-3)?
24
Let f(s) = s**3 - 16*s**2 + 26*s + 20. Give f(14).
-8
Let h(b) = -10*b - 6. Determine h(-2).
14
Let n(v) = -4*v**2 - 22*v - 19. Calculate n(-4).
5
Let a(v) = v**3 - v + 8. Give a(2).
14
Let x(j) = 6*j + 49. Calculate x(-9).
-5
Let y(i) = 14*i + 100. Determine y(-7).
2
Let d(a) = -4*a**3 + a**2 + a - 4. Determine d(3).
-100
Let v(c) = 7*c**2 + c. Determine v(1).
8
Let q(k) = -3*k**3 - 12*k**2 - 5. Determine q(-4).
-5
Let z(g) = -5*g + 15. Calculate z(-10).
65
Let k(j) = 5*j - 6. Give k(-4).
-26
Let m(l) = -28*l**2 + 15*l - 14. What is m(1)?
-27
Let k(r) = 3*r + 19. Calculate k(-3).
10
Let k(p) = p - 7. Give k(-14).
-21
Let q(w) = 183*w - 538. Give q(3).
11
Let h(u) = -16*u + 452. What is h(30)?
-28
Let t(k) = -k**3 + 21*k**2 + 47*k + 32. Give t(23).
55
Let h(n) = n**3 - 10*n**2 - 2*n + 3. Calculate h(10).
-17
Let l(w) = 10*w + 24. What is l(3)?
54
Let f(k) = -k**2 - 5*k - 9. What is f(-5)?
-9
Let u(i) = -3*i**3 + 4*i**2 - 4*i + 2. Calculate u(2).
-14
Let d(z) = z - 5. Give d(11).
6
Let x(v) = 2*v**2 + 7*v - 47. Give x(-8).
25
Let p(i) = 5*i**2 - 61*i + 27. Determine p(12).
15
Let h(o) = 3*o**2 - 10*o + 3. What is h(3)?
0
Let m(j) = -j - 16. Give m(-5).
-11
Let n(g) = g**3 + 8*g**2 - 8*g + 3. Determine n(-9).
-6
Let a(i) = i**3 - 26*i**2 - 8. Determine a(26).
-8
Let z(k) = -2*k**2 + 5*k - 1. Determine z(-4).
-53
Let y(f) = -f**2 - 4*f + 9. Determine y(-7).
-12
Let f(c) = c**2 - 12*c + 4. Determine f(12).
4
Let s(l) = 6*l**2 + l - 2. What is s(1)?
5
Let d(l) = -2*l**2 - 16*l - 19. Determine d(-6).
5
Let s(o) = o**3 - 7*o**2 - 4*o + 1. Calculate s(6).
-59
Let i(n) = -n**3 + 23*n**2 - 39*n - 51. Give i(21).
12
Let k(z) = z**3 - 4*z**2 + 2. What is k(6)?
74
Let v(g) = -10*g - 9. Determine v(0).
-9
Let n(f) = 2*f**2 - 39*f - 44. Calculate n(20).
-24
Let m(p) = p**3 - 7*p**2 + 2*p + 1. Give m(5).
-39
Let l(n) = -n + 37. What is l(26)?
11
Let t(r) = -3*r**2 - 11*r + 18. Calculate t(2).
-16
Let k(y) = y**2 - 7*y - 22. Give k(-2).
-4
Let n(d) = d**3 - 8*d**2 + 5*d + 2. Give n(8).
42
Let c(w) = w**3 - 4*w**2 - 2. Determine c(2).
-10
Let q(h) = h**2 - 9*h + 1. Determine q(9).
1
Let k(a) = -a - 3. Give k(7).
-10
Let j(c) = 2*c + 7. Give j(-3).
1
Let l(c) = -c**2 - 2*c - 7. Determine l(0).
-7
Let n(l) = -l**3 - 17*l**2 + 17*l - 1. Determine n(-18).
17
Let v(s) = 7*s**3 + s**2 - s + 1. Give v(1).
8
Let u(z) = -9*z - 71. Determine u(-6).
-17
Let o(m) = m**2 - 9. What is o(4)?
7
Let n(k) = -k**2 - 12*k - 7. Calculate n(-11).
4
Let s(z) = -16*z**2 - 14*z. Calculate s(1).
-30
Let z(f) = f**3 - f - 46. What is z(0)?
-46
Let c(d) = d**3 - 5*d**2 + 2*d + 1. What is c(4)?
-7
Let r(j) = -j**3 + 8*j**2 - 5*j + 3. What is r(8)?
-37
Let d(p) = -3*p - 50. Give d(-16).
-2
Let p(v) = 2*v**3 + 2*v**2 + v - 4. Determine p(-3).
-43
Let i(h) = -46*h**2 - 5*h - 6. Calculate i(-1).
-47
Let t(r) = -r**3 + 11*r**2 + 14*r + 1. Give t(12).
25
Let i(j) = j**2 - 8*j - 10. Determine i(9).
-1
Let r(g) = g - 4. What is r(15)?
11
Let x(m) = 21*m - 120. What is x(7)?
27
Let v(b) = b**3 - 4*b**2 - 3. Determine v(4).
-3
Let c(q) = -q**2 - 8*q + 25. Calculate c(-10).
5
Let y(k) = k**2 - 3*k + 6. What is y(-6)?
60
Let d(t) = -5*t**2 - 3*t. What is d(3)?
-54
Let m(o) = 372*o - 2598. Give m(7).
6
Let k(y) = y**2 + 16*y - 14. Calculate k(-15).
-29
Let v(x) = -2*x**2 - x - 10. Determine v(-3).
-25
Let c(h) = h**2 - 20*h - 10. What is c(0)?
-10
Let n(b) = 11*b - 163. What is n(14)?
-9
Let h(w) = w**3 + 4*w**2 - w - 3. Determine h(-3).
9
Let p(a) = -a**2 - 8*a - 7. Determine p(-9).
-16
Let v(q) = -12*q - 3. Determine v(2).
-27
Let o(x) = x**3 + 49*x**2 + 182*x + 95. What is o(-45)?
5
Let v(h) = 2*h + 54. What is v(-27)?
0
Let b(m) = -4*m**3 - m**2 - m + 1. Determine b(1).
-5
Let p(b) = -b**2 - 4*b - 1. Determine p(-4).
-1
Let j(z) = -z**3 - 3*z**2 + 1. What is j(-3)?
1
Let p(g) = g**2 + 8*g + 12. What is p(-6)?
0
Let l(h) = -h**2 - 13*h + 4. Determine l(-14).
-10
Let l(q) = -12*q - 83. Give l(-13).
73
Let m(n) = n**3 - 4*n**2 + 2*n + 5. Determine m(3).
2
Let t(c) = -c**3 - 11*c**2 - 4*c + 21. Give 